 when m is divided by 19?
7
Let z(h) = -1 + h**2 - 30*h**3 + 8*h**3 - 2*h - 3*h**2 - 34*h**3. Let l be z(-1). Suppose -w + 2*w - l = 0. Calculate the remainder when w is divided by 19.
17
Let d(y) = 0*y - y + y**2 + 4*y - 2. Let w be d(-4). What is the remainder when 6/w*34/6 is divided by 6?
5
Calculate the remainder when 19 is divided by 4/18 - 1746/(-162).
8
Calculate the remainder when 10/(-2) - (-168 - 0) is divided by 33.
31
Let i(k) = -k**2 + 13*k - 3. Let y be i(13). Suppose -1 = 3*c + 5. What is the remainder when c/y*(-120)/(-16) is divided by 3?
2
Let k(u) = u**2 - 17*u + 26. What is the remainder when 51 is divided by k(17)?
25
Suppose 8*f - 68 = 4*f. What is the remainder when 31 is divided by f?
14
Let a be 2*(0 + 102/4). Let n = a - 7. Let t(g) = -g**3 - 13*g**2 + 11*g - 19. What is the remainder when n is divided by t(-14)?
21
Let s(y) = -y**2 - y + 14. Calculate the remainder when 40 is divided by s(0).
12
Let k = 94 + -20. Calculate the remainder when k is divided by 15.
14
Let b = 145 - 95. What is the remainder when b is divided by 13?
11
Suppose 0 = -o + 4*b - 10, -o = -2*b - 0*b. Suppose -5*s + 2*x + 145 = 0, 3*x + 2*x + 25 = 0. Calculate the remainder when s is divided by o.
7
Suppose 139 = 4*a + 3. Suppose 12 = 3*h, -8*h - a = -3*t - 3*h. What is the remainder when 51 is divided by t?
15
Suppose -29*c + 32*c = 2*m + 11, m = -4. Suppose 2*z - d = 0, 3*z - d + 3 - 4 = 0. Calculate the remainder when z is divided by c.
0
Let x be (-4)/(-2) + -3 - -2. Let r be 17/x - (-2 + 0). Suppose -5*m + 41 = 4*h - 3*h, -3*m - 2*h = -r. Calculate the remainder when 16 is divided by m.
7
Suppose -h = 5*t - 118, -123 = -4*t - 5*h - 37. Calculate the remainder when 46 is divided by t.
22
Let v(o) = o**3 - 6*o**2 + o - 3. Let c be v(4). Let j = c - -46. What is the remainder when ((-16)/6)/(6/(-99)) is divided by j?
14
Let v(k) be the first derivative of -k**4/4 - 7*k**3/3 - 4*k**2 - 7*k + 1. Let a = -17 + 11. Calculate the remainder when 9 is divided by v(a).
4
Let a = 72 + -44. What is the remainder when 109 is divided by a?
25
Suppose -4*w + 70 = 3*p, 4*p + 32 = 3*w - 8. Calculate the remainder when w is divided by 6.
4
Calculate the remainder when 18*3 - (-4)/(-4) is divided by 27.
26
Let h = 6 + -4. Suppose -2*j + j + h = 0. What is the remainder when 2 is divided by j?
0
Suppose -5*n - 3*t + 55 + 48 = 0, -4 = -4*t. Suppose n = 3*b - 46. Suppose 7 = p - 2*m - 13, 4 = -m. Calculate the remainder when b is divided by p.
10
Let w(s) = 34*s**2 + 2*s - 2. Calculate the remainder when w(1) is divided by 12.
10
Let i(t) = t**3 - 4*t**2 - 3*t - 5. Let n be i(5). Suppose n*v - 2*v - 3 = 0. What is the remainder when (8/14)/(18/63) is divided by v?
0
Suppose -2*d = -4*d - 48. Suppose 4*g + 22 - 82 = 0. Calculate the remainder when ((-126)/d)/(6/32) is divided by g.
13
Let w(y) = -2*y + 9. Let a be w(6). What is the remainder when 38 is divided by (-32)/a + 4/(-6)?
8
Suppose -2*g + 5*g - 27 = 0. What is the remainder when 42 is divided by g?
6
Suppose 0*m + m + 3*v = 79, 385 = 5*m + 5*v. What is the remainder when m is divided by (2/2 - 1) + 26?
24
Suppose -9 = 2*a - a + 3*y, -5*y = -a + 23. Suppose -14 = -2*j + p, -3*j + 14 = -j - a*p. What is the remainder when 19 is divided by j?
5
Let d = 4 - -3. Let f = d + 2. What is the remainder when 24 is divided by f?
6
Let a be (3/(-1) + 4)*-14. Let o(h) = 2*h**2 + h - 1. Let x be o(5). What is the remainder when 69 is divided by (x/(-21))/(2/a)?
15
Let t(y) = y**3 - 5*y**2 - 6*y + 1. Let n be t(6). Let f = 95 - 69. Calculate the remainder when f is divided by n/((-4)/14)*-4.
12
Suppose -3*j = -8*j + 70. Let h(z) = -15*z + 11. Let x(y) = -16*y + 12. Let t(a) = 7*h(a) - 6*x(a). Calculate the remainder when t(-4) is divided by j.
13
Suppose 0*x = 2*x - 10. Let l = x + 2. Let b = 5 + -2. Calculate the remainder when l is divided by b.
1
Let h = 535 + -333. Suppose 0 = -k + 2, -4*v + h = -0*v + k. Calculate the remainder when v is divided by 17.
16
Calculate the remainder when 61 is divided by ((-12)/5)/(6/(-40)).
13
Suppose 2*c - 2*d - 10 = -6*d, 5*d + 46 = 2*c. What is the remainder when 13 is divided by 10/3 - c/39?
1
Let s(n) = -6*n - 3. Let o be s(4). Let b = o + -12. Let r = -22 - b. What is the remainder when 65 is divided by r?
14
Let b(z) = -92*z**2 - 8*z - 5. Let h(i) = 61*i**2 + 5*i + 3. Let t(r) = 5*b(r) + 8*h(r). What is the remainder when t(1) is divided by 14?
13
Suppose -115*p + 113*p + 270 = 0. Calculate the remainder when p is divided by 17.
16
Let y(f) = 5*f + 1. Let g be y(-5). Let x = g - -53. Let j = 2 - -8. What is the remainder when x is divided by j?
9
Let s(v) = -15*v - 6. Let f be s(-4). Suppose 4*i = 298 - f. What is the remainder when i is divided by 21?
19
Let d = -26 - -84. Suppose -2*a - r = -36, -a - 2*r = -3*r - 24. Calculate the remainder when d is divided by a.
18
Suppose 3*d - 6 = a, 5*d - 2*a = 3*a. Suppose 0 = d*w - 2*w + 3. What is the remainder when 10 is divided by (-2)/w - (-20)/6?
2
Let d = -123 + 179. Suppose 0*a = -4*a + 76. What is the remainder when d is divided by a?
18
Let f(m) = 2*m**2 + m + 1. Calculate the remainder when 31 is divided by f(2).
9
Suppose 21 = -3*h + 123. Let x = h - 20. What is the remainder when 24 is divided by x?
10
Suppose 3*p = -p. Suppose 3*r - 4*r + 28 = p. Calculate the remainder when r is divided by (-1)/(1 + 64/(-60)).
13
Let j(s) = s**2 - 2*s + 3. Let m be j(3). Suppose -5*q + m*q = 9. What is the remainder when 25 is divided by q?
7
Let j(n) = 4*n**2 - 4*n + 1. Let x be j(-3). Suppose -x + 11 = -y - k, 5*y + 3*k - 192 = 0. Calculate the remainder when y is divided by 10.
9
Suppose -9*j = -5*j - 48. What is the remainder when 35 is divided by j?
11
Suppose q = 10 + 11. Let l = 14 + -6. Calculate the remainder when q is divided by l.
5
Suppose -2*v - 6*n - 25 = -n, -5*v = 2*n + 31. Let r = v - -18. What is the remainder when 24 is divided by r?
11
Let z(o) = o**3 - 4*o**2 + 5*o. Let h be z(4). Suppose h = 4*n - 2*a, 7*n - 26 = 2*n + 3*a. Calculate the remainder when 5 is divided by n.
1
Suppose -42 - 54 = -6*b. Calculate the remainder when 62 is divided by b.
14
Suppose 8 = -2*x, -3*w - x = -7*w + 656. Calculate the remainder when w is divided by 33.
31
Let v(f) = f - 1. Let z be v(-6). Let t = 6 - z. Calculate the remainder when 38 is divided by t.
12
Suppose 4*o - k = 2*o + 260, -5*k + 20 = 0. Suppose w + 20 = 4*f - o, 3*f - 114 = -5*w. What is the remainder when f is divided by 10?
8
Suppose -s = -14*s + 130. Suppose 2*q - 46 = -2*l, q - 3*q + 4*l + 16 = 0. Calculate the remainder when q is divided by s.
8
Suppose 2*b + 72 = -4*z, -4*z - 3*b + 72 = -7*z. What is the remainder when 18 is divided by z*2/(-8)*2?
8
Let f = 55 - 8. Calculate the remainder when f is divided by 15 - (-2 + 2) - -1.
15
Let m be (-2)/7 + 2/7. Suppose m*t + 65 = 5*t. Suppose -17 = -g + 2*x - 3, 5*g + x = 125. Calculate the remainder when g is divided by t.
11
Suppose -3*i - 120 = -5*q, 2*q + 0*i - 62 = 4*i. Calculate the remainder when 59 is divided by q.
17
Suppose -3*u - u - 2*s - 12 = 0, -6 = 2*u + 4*s. Let l = 10 + u. What is the remainder when l is divided by 4?
3
Suppose -2*o = -w - 6, -w = 5*o - 4 + 3. Let g be ((-33)/o)/(-1 - 0). Suppose 0*x - 3*x + g = 0. What is the remainder when 20 is divided by x?
9
Let i = 15 + -4. What is the remainder when 54 is divided by i?
10
Let k be -2*(-4)/(0 - -4). Suppose 0 = -3*y - k*y + 40. Calculate the remainder when y is divided by 2.
0
Let x = 5 - 4. Calculate the remainder when x/((-2)/(-124) - 0) is divided by 21.
20
Let o be 10/(-35) + 88/14. Suppose 2*t + o = 60. What is the remainder when t is divided by 7?
6
Suppose 2*x = -3*k + 7, k - 2 = -0*k - x. Let f = k + 19. Calculate the remainder when 41 is divided by f.
19
Let c = 2 + 19. Calculate the remainder when 81 is divided by c.
18
Let g = -159 - -353. What is the remainder when g is divided by 50?
44
Let k(w) = -w**3 - 6*w**2 - 3*w + 4. What is the remainder when 108 is divided by k(-6)?
20
Let x(q) be the third derivative of 0*q**4 + 0*q + 0 + q**2 + 11/60*q**5 - 1/6*q**3. Calculate the remainder when x(-1) is divided by 6.
4
What is the remainder when 12 is divided by 5/2*112/40?
5
Let o(v) = 6*v**2 + 2*v + 1. Let p be o(-1). Suppose f - 5 = 